
{"id":441,"date":"2025-01-28T20:08:14","date_gmt":"2025-01-28T20:08:14","guid":{"rendered":"https:\/\/becas.usac.edu.gt\/?page_id=441"},"modified":"2025-01-28T20:08:15","modified_gmt":"2025-01-28T20:08:15","slug":"logros","status":"publish","type":"page","link":"https:\/\/becas.usac.edu.gt\/index.php\/logros\/","title":{"rendered":"Logros"},"content":{"rendered":"\n<p>Nuestro compromiso con la educaci\u00f3n superior, la equidad y el acceso a oportunidades acad\u00e9micas para estudiantes de escasos recursos y alto rendimiento acad\u00e9mico es firme. A trav\u00e9s de las becas no reembolsables y otros apoyos, trabajamos cada a\u00f1o para facilitar el camino de nuestros estudiantes hacia el \u00e9xito profesional. A continuaci\u00f3n, les presentamos los tipos de beca y las cifras que reflejan el impacto positivo de nuestra gesti\u00f3n durante el a\u00f1o 2024.<\/p>\n\n\n\n<figure class=\"wp-block-image aligncenter size-full\"><img loading=\"lazy\" decoding=\"async\" width=\"2546\" height=\"1642\" src=\"https:\/\/becas.usac.edu.gt\/wp-content\/uploads\/2025\/01\/Captura-de-pantalla-2025-01-28-a-las-2.04.42\u202fp.-m.png\" alt=\"\" class=\"wp-image-442\" srcset=\"https:\/\/becas.usac.edu.gt\/wp-content\/uploads\/2025\/01\/Captura-de-pantalla-2025-01-28-a-las-2.04.42\u202fp.-m.png 2546w, https:\/\/becas.usac.edu.gt\/wp-content\/uploads\/2025\/01\/Captura-de-pantalla-2025-01-28-a-las-2.04.42\u202fp.-m-300x193.png 300w, https:\/\/becas.usac.edu.gt\/wp-content\/uploads\/2025\/01\/Captura-de-pantalla-2025-01-28-a-las-2.04.42\u202fp.-m-1024x660.png 1024w, https:\/\/becas.usac.edu.gt\/wp-content\/uploads\/2025\/01\/Captura-de-pantalla-2025-01-28-a-las-2.04.42\u202fp.-m-768x495.png 768w, https:\/\/becas.usac.edu.gt\/wp-content\/uploads\/2025\/01\/Captura-de-pantalla-2025-01-28-a-las-2.04.42\u202fp.-m-1536x991.png 1536w, https:\/\/becas.usac.edu.gt\/wp-content\/uploads\/2025\/01\/Captura-de-pantalla-2025-01-28-a-las-2.04.42\u202fp.-m-2048x1321.png 2048w\" sizes=\"auto, (max-width: 2546px) 100vw, 2546px\" \/><\/figure>\n\n\n\n<div style=\"height:100px\" aria-hidden=\"true\" class=\"wp-block-spacer\"><\/div>\n\n\n\n<h1 class=\"wp-block-heading alignfull has-text-align-center has-white-color has-vivid-cyan-blue-background-color has-text-color has-background has-link-color wp-elements-70c3b76ec2327ee2a33116157b9cc8f6\"><strong>N\u00famero de becas otorgadas<\/strong><\/h1>\n\n\n\n<p>Este a\u00f1o, hemos entregado un total de <strong>316 becas<\/strong>, lo que marca un avance significativo en nuestra labor de apoyo a estudiantes con alto rendimiento acad\u00e9mico y necesidades econ\u00f3micas. Logrando una ejecuci\u00f3n del <strong>87%<\/strong> del presupuesto asignado, demostrando eficiencia y compromiso con el uso adecuado de los recursos disponibles.<\/p>\n\n\n\n<p><strong>Otro logro significativo <\/strong>es el <strong>66% <\/strong>de mujeres becadas, mientras que el <strong>34%<\/strong> corresponde a los hombres, mismo se visualizan en nuestra gr\u00e1fica.<\/p>\n\n\n\n<figure class=\"wp-block-image size-full\"><img loading=\"lazy\" decoding=\"async\" width=\"2042\" height=\"1236\" src=\"https:\/\/becas.usac.edu.gt\/wp-content\/uploads\/2025\/01\/Captura-de-pantalla-2025-01-28-a-las-2.05.38\u202fp.-m.png\" alt=\"\" class=\"wp-image-443\" srcset=\"https:\/\/becas.usac.edu.gt\/wp-content\/uploads\/2025\/01\/Captura-de-pantalla-2025-01-28-a-las-2.05.38\u202fp.-m.png 2042w, https:\/\/becas.usac.edu.gt\/wp-content\/uploads\/2025\/01\/Captura-de-pantalla-2025-01-28-a-las-2.05.38\u202fp.-m-300x182.png 300w, https:\/\/becas.usac.edu.gt\/wp-content\/uploads\/2025\/01\/Captura-de-pantalla-2025-01-28-a-las-2.05.38\u202fp.-m-1024x620.png 1024w, https:\/\/becas.usac.edu.gt\/wp-content\/uploads\/2025\/01\/Captura-de-pantalla-2025-01-28-a-las-2.05.38\u202fp.-m-768x465.png 768w, https:\/\/becas.usac.edu.gt\/wp-content\/uploads\/2025\/01\/Captura-de-pantalla-2025-01-28-a-las-2.05.38\u202fp.-m-1536x930.png 1536w\" sizes=\"auto, (max-width: 2042px) 100vw, 2042px\" \/><\/figure>\n","protected":false},"excerpt":{"rendered":"<p>Nuestro compromiso con la educaci\u00f3n superior, la equidad y el acceso a oportunidades acad\u00e9micas para estudiantes de escasos recursos y alto rendimiento acad\u00e9mico es firme. A trav\u00e9s de las becas no reembolsables y otros apoyos, trabajamos cada a\u00f1o para facilitar<\/p>\n","protected":false},"author":1,"featured_media":0,"parent":0,"menu_order":0,"comment_status":"closed","ping_status":"closed","template":"","meta":{"footnotes":""},"class_list":["post-441","page","type-page","status-publish","hentry"],"_links":{"self":[{"href":"https:\/\/becas.usac.edu.gt\/index.php\/wp-json\/wp\/v2\/pages\/441","targetHints":{"allow":["GET"]}}],"collection":[{"href":"https:\/\/becas.usac.edu.gt\/index.php\/wp-json\/wp\/v2\/pages"}],"about":[{"href":"https:\/\/becas.usac.edu.gt\/index.php\/wp-json\/wp\/v2\/types\/page"}],"author":[{"embeddable":true,"href":"https:\/\/becas.usac.edu.gt\/index.php\/wp-json\/wp\/v2\/users\/1"}],"replies":[{"embeddable":true,"href":"https:\/\/becas.usac.edu.gt\/index.php\/wp-json\/wp\/v2\/comments?post=441"}],"version-history":[{"count":1,"href":"https:\/\/becas.usac.edu.gt\/index.php\/wp-json\/wp\/v2\/pages\/441\/revisions"}],"predecessor-version":[{"id":444,"href":"https:\/\/becas.usac.edu.gt\/index.php\/wp-json\/wp\/v2\/pages\/441\/revisions\/444"}],"wp:attachment":[{"href":"https:\/\/becas.usac.edu.gt\/index.php\/wp-json\/wp\/v2\/media?parent=441"}],"curies":[{"name":"wp","href":"https:\/\/api.w.org\/{rel}","templated":true}]}}